{"id":312,"date":"2018-02-09T13:52:37","date_gmt":"2018-02-09T12:52:37","guid":{"rendered":"https:\/\/www.microbrasseur.com\/blog\/?page_id=312"},"modified":"2018-02-09T14:10:58","modified_gmt":"2018-02-09T13:10:58","slug":"les-differents-styles-de-bieres","status":"publish","type":"page","link":"https:\/\/www.microbrasseur.com\/blog\/les-differents-styles-de-bieres\/","title":{"rendered":"Les diff\u00e9rents styles de bi\u00e8res"},"content":{"rendered":"<p>Les kits bi\u00e8res offrent un large panel de styles de bi\u00e8re. Finalement le plus dur c&rsquo;est de d\u00e9terminer ce que vous souhaitez fabriquer comme bi\u00e8re maison&#8230; Enfin, plus exactement laquelle vous allez brasser en premier. La table p\u00e9riodique des styles de bi\u00e8re r\u00e9v\u00e8le l&rsquo;ampleur du dilemme ! Pour vous aider dans votre choix vous pouvez toujours voir <a href=\"https:\/\/fr.wikipedia.org\/wiki\/Classification_des_bi%C3%A8res#Lager_Blonde\" target=\"_blank\" rel=\"noopener\">ici<\/a>\u00a0ou <a href=\"http:\/\/univers-biere.net\/styles.php\" target=\"_blank\" rel=\"noopener\">l\u00e0.<\/a><\/p>\n<p><img loading=\"lazy\" decoding=\"async\" class=\"alignleft wp-image-311 size-large\" src=\"https:\/\/www.microbrasseur.com\/blog\/wp-content\/uploads\/2018\/02\/styles-bieres-fabrication-maison-1024x683.jpg\" alt=\"\" width=\"1024\" height=\"683\" srcset=\"https:\/\/www.microbrasseur.com\/blog\/wp-content\/uploads\/2018\/02\/styles-bieres-fabrication-maison-1024x683.jpg 1024w, https:\/\/www.microbrasseur.com\/blog\/wp-content\/uploads\/2018\/02\/styles-bieres-fabrication-maison-300x200.jpg 300w, https:\/\/www.microbrasseur.com\/blog\/wp-content\/uploads\/2018\/02\/styles-bieres-fabrication-maison-768x512.jpg 768w, https:\/\/www.microbrasseur.com\/blog\/wp-content\/uploads\/2018\/02\/styles-bieres-fabrication-maison-1080x720.jpg 1080w, https:\/\/www.microbrasseur.com\/blog\/wp-content\/uploads\/2018\/02\/styles-bieres-fabrication-maison.jpg 1500w\" sizes=\"(max-width: 1024px) 100vw, 1024px\" \/><\/p>\n","protected":false},"excerpt":{"rendered":"<p>Les kits bi\u00e8res offrent un large panel de styles de bi\u00e8re. Finalement le plus dur c&rsquo;est de d\u00e9terminer ce que vous souhaitez fabriquer comme bi\u00e8re maison&#8230; Enfin, plus exactement laquelle vous allez brasser en premier. La table p\u00e9riodique des styles de bi\u00e8re r\u00e9v\u00e8le l&rsquo;ampleur du dilemme ! Pour vous aider dans votre choix vous pouvez [&hellip;]<\/p>\n","protected":false},"author":1,"featured_media":0,"parent":0,"menu_order":0,"comment_status":"closed","ping_status":"closed","template":"","meta":{"_et_pb_use_builder":"","_et_pb_old_content":"","_et_gb_content_width":"","footnotes":""},"class_list":["post-312","page","type-page","status-publish","hentry"],"_links":{"self":[{"href":"https:\/\/www.microbrasseur.com\/blog\/wp-json\/wp\/v2\/pages\/312","targetHints":{"allow":["GET"]}}],"collection":[{"href":"https:\/\/www.microbrasseur.com\/blog\/wp-json\/wp\/v2\/pages"}],"about":[{"href":"https:\/\/www.microbrasseur.com\/blog\/wp-json\/wp\/v2\/types\/page"}],"author":[{"embeddable":true,"href":"https:\/\/www.microbrasseur.com\/blog\/wp-json\/wp\/v2\/users\/1"}],"replies":[{"embeddable":true,"href":"https:\/\/www.microbrasseur.com\/blog\/wp-json\/wp\/v2\/comments?post=312"}],"version-history":[{"count":4,"href":"https:\/\/www.microbrasseur.com\/blog\/wp-json\/wp\/v2\/pages\/312\/revisions"}],"predecessor-version":[{"id":316,"href":"https:\/\/www.microbrasseur.com\/blog\/wp-json\/wp\/v2\/pages\/312\/revisions\/316"}],"wp:attachment":[{"href":"https:\/\/www.microbrasseur.com\/blog\/wp-json\/wp\/v2\/media?parent=312"}],"curies":[{"name":"wp","href":"https:\/\/api.w.org\/{rel}","templated":true}]}}